value of (-1 - -1) + (1 - 1) + -5?
-5
Evaluate (7 - (-3 + 5)) + (-6 - -5).
4
What is 0 + (-1 - (-1 - -4))?
-4
Evaluate (11 - (11 - 7)) + -10.
-3
Calculate (-4 - -1) + 6 + -4 + 1.
0
What is the value of (2 - (-1 + -1)) + 1 + 0?
5
What is the value of 4 + -2 - (1 - (0 + 3))?
4
What is -9 - -10 - (4 + (0 - -1))?
-4
What is the value of 3 + 0 + (-2 + 0 - 2)?
-1
What is the value of 1 + (-3 - (2 - 5))?
1
(-1 - (-4 - -4)) + 1
0
What is the value of (0 - 5) + (18 - 9) - 5?
-1
(-5 - 2 - 1) + (4 - -15)
11
Calculate (-1 + -3 - 1) + 0.
-5
Calculate 0 - (0 + 0 - -4) - 2.
-6
What is -1 - (-1 + 3 + -4)?
1
What is the value of (-2 - 0 - -2) + -2 + 1?
-1
Evaluate -9 + (-8 - -2 - -12).
-3
What is the value of 0 - (2 + 6 - (2 - -1))?
-5
5 - (20 + (1 + -4 - 4))
-8
What is 39 - 36 - ((12 - 2) + 1)?
-8
Calculate -15 + (-12 - (0 - 23)).
-4
What is the value of (3 - -8) + -6 + (3 - 1)?
7
What is 8 - -1 - (13 - -1)?
-5
Evaluate -8 - -6 - (-2 - (-2 - 1)).
-3
What is (6 - 7) + 3 + 6 - 4?
4
Calculate 0 + -5 - (-12 - -6) - -6.
7
2 - -2 - (2 + -5 - 0)
7
Evaluate -2 + (-8 - -11) + 6.
7
What is -31 + 15 - (1 - 10)?
-7
Calculate -1 - -5 - (6 - (8 - 2)).
4
(0 + -1 - 0) + (11 - 6)
4
What is (-6 - -2 - 2 - -2) + 5?
1
Evaluate (0 - 3) + -2 + 4.
-1
What is the value of -2 + (-3 - -12) + -4?
3
Evaluate -7 + (-5 + 5 + 21 - 6).
8
Evaluate -5 - (-5 - (11 + -1 - 7)).
3
What is the value of (-6 + 7 - (2 - -1)) + 1?
-1
What is the value of -5 + (-5 - -4 - -9)?
3
What is (-8 - -1) + (-2 - -4)?
-5
Calculate (4 - (-1 + 2)) + -10 - -3.
-4
What is the value of -3 + 4 + -2 + (4 - 4)?
-1
What is -3 - (-8 - (1 - 4)) - 6?
-4
Calculate 0 + 0 + -1 + -1 + -2.
-4
What is the value of -9 - (0 + -7 + -2)?
0
What is the value of -3 - (-4 + 7 + (-1 - 8))?
3
What is (-1 - -2) + (4 - (6 + -6))?
5
6 + (-8 - -11 - -8) + -7
10
What is the value of -15 + 12 + (3 - 2) + -2?
-4
What is the value of (-1 - -1 - (0 - 1)) + 3?
4
What is the value of (-6 + 5 - (-6 - -3)) + -1?
1
(-13 - -16) + 7 + 0
10
Calculate 6 + -1 + 23 + (-8 - 15).
5
Calculate (2 - -3) + -23 + 14.
-4
-2 + (7 + -6 - 6)
-7
What is the value of -4 - ((5 - 1) + -1 + -4)?
-3
Calculate 4 + (-2 - 7 - -8).
3
Calculate 41 + -56 - (3 - 10).
-8
Evaluate -13 - -5 - 4 - -11.
-1
Evaluate 2 - -4 - ((-6 - -14) + -6).
4
Calculate -10 - -1 - (11 + -15).
-5
Evaluate 3 + 2 + (-19 - -10).
-4
Evaluate 1 - (1 + 2 - 4).
2
Evaluate (340 - 346) + (2 - (1 + 0)).
-5
What is 9 - -3 - 23 - -10?
-1
(35 - 33) + -5 + 1 - -9
7
10 + (-11 + 9 - 17)
-9
-4 + (6 - 3) + (3 - 3)
-1
-3 - ((0 - -3) + -8 + 2)
0
Calculate 0 + 0 + -7 + 10.
3
Calculate -9 - (7 + 2 - 16).
-2
Calculate 1 - (0 + 2 + -6).
5
What is -6 + (7 - (4 - 2))?
-1
Evaluate 5 + -3 + -2 + 1 - 4.
-3
8 - (0 + (0 - -9))
-1
What is 10 - (-4 + (13 - 4)) - 8?
-3
What is the value of -15 - -12 - (0 - 2)?
-1
(-1 - -3) + 17 + (-26 - -13)
6
What is (-24 + 24 - (-1 + -2)) + -5?
-2
What is the value of (1 - -10 - 2) + -5?
4
What is -2 + 2 + 3 + (4 - 4)?
3
Evaluate -2 + (-1 - 3) + 3.
-3
Evaluate 12 + -11 + 0 + -4.
-3
What is (1 - 1) + -1 - (-55 + 48)?
6
What is 3 - ((-4 - -1) + -5 + 9)?
2
Calculate -8 - ((-12 - -4) + 6).
-6
4 - (11 - 3) - (-5 - 1)
2
Evaluate 2 - -7 - (7 - 1).
3
What is (-1 - 0 - -5) + -1 + 2?
5
What is the value of 4 + -18 + 15 + 4?
5
Evaluate 4 + -2 + 4 + 1 - 2.
5
What is the value of (-20 - -5) + 6 + 3?
-6
Evaluate (1 - -1) + (-3 - -1).
0
Evaluate -1 + (1 - (-5 - -2)) - 5.
-2
Evaluate 1 + -2 + -2 + 0 + -1.
-4
What is the value of 3 + -6 + 4 + 20 + -19?
2
What is the value of -3 + 6 - (-6 - (-2 + -1))?
6
Evaluate (10 - (2 - 0)) + -18 + 6.
-4
What is (-9 - -7 - -7) + -3?
2
What is the value of -10 - (0 + -3) - (-7 - -3)?
-3
What is the value of (-3 - (-8 - -5 - -6)) + 2?
-4
Evaluate (-1 - (-4 - (-4 - -7))) + -3.
3
Evaluate 17 + -7 + -2 + -22 + 4.
-10
Evaluate -1 + 11 + (1 - (11 + -6)).
6
Evaluate -7 - (-7 - (-1 + 3)).
2
What is -12 + 12 - (-1 + 1 - -4)?
-4
What is -5 + -5 - (-7 - 0)?
-3
What is -1 + 7 - (-148 - -148)?
6
What is the value of -2 - 0 - (-4 - (4 + -3))?
3
Calculate -1 - -7 - 9 - 4.
-7
What is -2 + (15 - 10) + 0?
3
What is the value of -6 - -1 - (-1 + 7 + -7)?
-4
Evaluate 2 + -3 - -6 - (-11 + 13).
3
What is -7 - -24 - 12 - (1 - -8)?
-4
What is the value of (-3 - -9) + -4 + -8 - -7?
1
Calculate (8 - (2 + 12)) + 8 + -3.
-1
What is -4 - (3 - (4 - -1)) - -4?
2
Evaluate 0 + -8 + 6 + -1.
-3
What is the value of -2 + 0 + 0 + (0 - 3)?
-5
Calculate -2 - (-3 + 0 + 2 + -4).
3
Evaluate -170 + 167 - (2 - (10 - 1)).
4
Evaluate (-3 - -2 - -2) + -4.
-3
3 + (4 - 7) + (1 - 1)
0
23 + -12 - (1 + 6)
4
Evaluate (11 - (12 + -5) - 1) + -2.
1
5 - (-4 + 3 + 8 + 0)
-2
What is -4 + 13 + 2 + (4 - 11)?
4
-1 + 3 + (11 - 18)
-5
-5 + -2 + (9 - 2 - 4)
-4
Calculate -1 + 0 - (2 + (-11 - -5)).
3
What is the value of -2 + -7 + 5 + -1 + 0?
-5
Evaluate (-11 - -9) + -17 + 9.
-10
What is 2 + 5 + -10 - 3 - -11?
5
Evaluate 2 - (-2 - (2 - -1 - 2)).
5
Evaluate 4 - 5 - (2 + 2).
-5
14 - -1 - 1 - (-166 - -172)
8
Calculate -1 + (-6 - 1) - -5.
-3
What is the value of -4 + (-6 + 7 - 3)?
-6
Calculate -1 - (-7 + -3 + 3) - 2.
4
Calculate 6 + 0 - ((21 - -2) + -18).
1
What is 2 + -6 + (-2 - -4)?
-2
What is (1 - (1 + -4)) + 1 + 0?
5
Evaluate -19 + 20 - (3 + 1 + -1).
-2
(-1 - 6) + 36 + -35
-6
Evaluate -3 + 1 + (-3 + 4 - 1).
-2
What is the value of 0 + 2 - 3 - 0 - -2?
1
Evaluate -7 + (-2 - 0 - -3) + 2.
-4
What is -7 - (-12 - 0) - (1 - 1)?
5
Calculate -1 + (0 - -1) - (-8 + 8).
0
5 + -2 + -5 + -1
-3
What is -2 - (-3 - -3) - -3 - -4?
5
Evaluate 4 + 5 + -2 + -5.
2
Calculate 10 + -11 + -4 + (15 - 4).
6
What is the value of (-2 - -6) + (-2 - 0) + -1?
1
What is 2 - (1 - 1 - (25 + -20))?
7
What is the value of -6 + 1 + (-2 - (12 + -18))?
-1
What is (-13 - -10) + 6 + (0 - -3)?
6
Evaluate -9 + 4 + 3 + 2.
0
What is the value of -3 + 1 - (-4 + 2 - -1)?
-1
What is the value of 2 - (4 + -4 - -2)?
0
0 + 0 - (-4 + 2 + 1)
1
(15 - 21) + 1 + 2 + 0
-3
Calculate 0 + (0 + 2 - (28 - 26)).
0
Evaluate -4 + 0 - (6 - 2).
-8
-6 + 0 - (-15 + 8)
1
What is the value of (5 + -10 - -9) + -3 + -2?
-1
Calculate 1 + 1 - (3 - (-11 + 11)).
-1
What is the value of -2 - (1 - 8) - (-9 + 13)?
1
What is the value of -2 - (-3 - (3 + 1 + -1))?
4
What is -5 + (-13 - -6 - -14)?
2
What is the value of -7 - ((1 - -3) + -3)?
-8
Evaluate 6 + -11 + 15 - 8.
2
What is the value of -8 - (-13 - -7 - (2 + -5))?
-5
What is 3 + -7 + 9 - (1 - 0)?
4
What is 0 - (2 - 1 - -3)?
-4
What is the value of 4 + (0 - -4 - 4)?
4
Evaluate 9 - (18 + -10 - 0).
1
What is the value of 4 + 0 - (-4 - 11 - -19)?
0
(-10 - -6) + -2 - -3
-3
Calculate -6 + 1 + 14 + (0 - 6).
3
Calculate -2 + (-7 - -7 - -7).
5
12 - (10 - -6 - 7)
3
What is -7 + -6 + 8 - (-2 + -2)?
-1
Evaluate 11 + -17 + (0 - 0).
-6
What is the value of (18 - 12) + (-2 - -1)?
5
Calculate 5 + (0 - -1) + -15 - -2.
-7
What is 1 - (6 - 1) - (3 - 3)?
-4
0 - (3 + -3) - (8 + 1)
-9
Calculate (-1 - 0) + (7 - 3).
3
What is the value of 1 + 11 + -2 + (-16 - -11)?
5
Calculate -6 + 4 + 6 - (-1 + 0).
5
-3 - (6 + -4 + (-10 - -1))
4
What is the value of -3 - ((0 - 2) + 0)?
-1
What is the value of -1 + (0 - -10 - 5)?
4
What is 0 + -67 + 65 + -1 + 5?
2
Evaluate 0 - ((2 - (3 - 2)) + 4).
-5
0 + 4 + (-4 - -2) + 0
2
Calculate 0 + 7 + (-7 - (-6 + 4)).
2
What is the value of -1 + (-5 - -5) + (-1 - 3)?
-5
-8 + 9 + -5 + 1
-3
Evaluate 4 - (17 + -11 + 3).
-5
Evaluate 7 - (8 + 1 + -2).
0
(3 - 14 - -5) + 11
5
Calculate 11 - 3 - (4 + -1).
5
Evaluate 3 - (2 + -2) - 2.
1
What is the value of (-2 - 0) + (2 - 3)?
-3
Evaluate -2 + -1 - -3 - (-3 + 7).
-4
6 - (1 + (3 - -1))
1
What is the value of 5 - (-2 - (10 - 16))?
1
Calculate 7 - (6 - 15 - -7).
9
What is 2 + 10 + -14 - (-2 + 2)?
-2
What is 9 + 1 - (13 + -27 + 17)?
7
What is 0 + (3 - 5) + 1?
-1
(-14 - (-17 + 9)) + 3
-3
Calculate 0 - -3 - (9 - (3 + 5)).
2
What is (0 + 1 - (42 + -48)) + -3?
4
Evaluate 10 + -20 - -11 - (2 + 0).
-1
10 + (-1 - 3) - (7 + -4)
3
Calculate (1 + -3 - -1) + 3.
2
What is the value of -1 - 2 - (-15 - -15)?
-3
What is the value of 4 - (7 - (-2 - -3))?
-2
What is 5 + -2 + (5 - 7)?
1
What is the value of 3 + (-10 - (-2 - 2))?
-3
Calculate -8 + (-23 - -18 - (-7 - 1)).
-5
Calculate 17 - 12 - (1 - (-3 - 4)).
-3
What is 0 + (-3 - -3) + 1?
1
Evaluate 1 - (-7 - (3 - 6)).
5
(-22 - (-21 - -13)) + 3
-11
Calculate -3 + (-1 + 2 + -2 - -10).
6
Calculate 1 - (-